{"id":15228,"date":"2025-06-17T13:58:32","date_gmt":"2025-06-17T13:58:32","guid":{"rendered":"https:\/\/eliksirvitalnosti.com\/?post_type=product&#038;p=15228"},"modified":"2026-04-02T14:06:28","modified_gmt":"2026-04-02T14:06:28","slug":"gliko-balansz-csomag","status":"publish","type":"product","link":"https:\/\/eliksirvitalnosti.com\/hu\/proizvod\/gliko-balansz-csomag\/","title":{"rendered":"Gliko Balance csomag"},"content":{"rendered":"<h2 data-start=\"153\" data-end=\"205\"><strong data-start=\"155\" data-end=\"203\">Nemet Z\u00f6ld Levek \u2013 Kapor \u00e9s T\u00f6nk\u00f6lyb\u00faza csomag<\/strong><\/h2>\n<h3 data-start=\"206\" data-end=\"244\"><em data-start=\"210\" data-end=\"244\">Teljes k\u00f6r\u0171 eg\u00e9szs\u00e9g\u00fcgyi t\u00e1mogat\u00e1s \u2013 Gliko Balance csomag<\/em><\/h3>\n<hr data-start=\"246\" data-end=\"249\">\n<h2 data-start=\"251\" data-end=\"280\"><strong data-start=\"254\" data-end=\"280\">Z\u00f6ld kaporl\u00e9<\/strong><\/h2>\n<p data-start=\"282\" data-end=\"544\">A z\u00f6ld kaporl\u00e9 egy hidegen sajtolt gy\u00fcm\u00f6lcsl\u00e9, amelyet egy \u0151si kaporfajt\u00e1b\u00f3l ( <em data-start=\"365\" data-end=\"385\"> Anethum graveolens<\/em>) k\u00e9sz\u00edtenek, amely ma is megtal\u00e1lhat\u00f3 a vadonban, a F\u00f6ldk\u00f6zi-tenger keleti orsz\u00e1gaiban. A kapor leveleit, vir\u00e1gait \u00e9s magjait tart\u00f3s\u00edt\u00f3szerek, cukor vagy sz\u00ednez\u00e9kek hozz\u00e1ad\u00e1sa n\u00e9lk\u00fcl pr\u00e9selik. <\/p>\n<p data-start=\"546\" data-end=\"597\"><strong data-start=\"550\" data-end=\"597\">A kapor z\u00f6ldl\u00e9 alapvet\u0151 el\u0151nyei:<\/strong><\/p>\n<ul>\n<li data-start=\"601\" data-end=\"652\">Az em\u00e9szt\u00e9s, az \u00e9tv\u00e1gy \u00e9s az \u00e1ltal\u00e1nos anyagcsere jav\u00edt\u00e1sa<\/li>\n<li data-start=\"655\" data-end=\"706\">A v\u00e9rcukorszint szab\u00e1lyoz\u00e1sa (inzulint\u00e1mogat\u00e1s)<\/li>\n<li data-start=\"709\" data-end=\"772\">A puffad\u00e1s, h\u00e1ny\u00e1s, \u00e1lmatlans\u00e1g \u00e9s ingerl\u00e9kenys\u00e9g enyh\u00edt\u00e9se<\/li>\n<li data-start=\"775\" data-end=\"818\">Hormonh\u00e1ztart\u00e1s kiegyens\u00falyoz\u00e1sa \u00e9s energiaszint n\u00f6vel\u00e9se<\/li>\n<li data-start=\"821\" data-end=\"864\">Koleszterinszint cs\u00f6kkent\u00e9se \u00e9s a v\u00e9r \u201eh\u00edg\u00edt\u00e1sa\u201d<\/li>\n<li data-start=\"867\" data-end=\"904\">Sz\u00edv- \u00e9s agyi \u00e9rkatasztr\u00f3fa megel\u0151z\u00e9se<\/li>\n<li data-start=\"907\" data-end=\"971\">Seg\u00edts\u00e9g <em data-start=\"937\" data-end=\"958\">Helicobacter pylori<\/em> \u00e9s Candida okozta fert\u0151z\u00e9sek eset\u00e9n<\/li>\n<li data-start=\"974\" data-end=\"1035\">T\u00e1mogat\u00e1s az 1-es \u00e9s 2-es t\u00edpus\u00fa cukorbetegs\u00e9g ter\u00e1pi\u00e1j\u00e1ban (k\u00fcl\u00f6n\u00f6sen 2-es t\u00edpusn\u00e1l)<\/li>\n<\/ul>\n<hr data-start=\"1037\" data-end=\"1040\">\n<h2 data-start=\"1042\" data-end=\"1068\"><strong data-start=\"1045\" data-end=\"1068\">Z\u00f6ld t\u00f6nk\u00f6lyl\u00e9<\/strong><\/h2>\n<p>A <strong>t\u00f6nk\u00f6ly z\u00f6ldl\u00e9<\/strong> term\u00e9szetes term\u00e9k, amely magas szint\u0171 <strong>klorofilt<\/strong>, <strong>enzimeket<\/strong> \u00e9s <strong>antioxid\u00e1nsokat<\/strong> tartalmaz. Ide\u00e1lis <strong>a szervezet m\u00e9regtelen\u00edt\u00e9s\u00e9re<\/strong>, <strong>az immunrendszer t\u00e1mogat\u00e1s\u00e1ra<\/strong>, <strong>a szervezet l\u00fagos\u00edt\u00e1s\u00e1ra<\/strong> \u00e9s <strong>a hormonok kiegyens\u00falyoz\u00e1s\u00e1ra<\/strong>. A t\u00f6nk\u00f6ly emellett rendk\u00edv\u00fcl hasznos az <strong>energetikai egyens\u00faly jav\u00edt\u00e1s\u00e1ban<\/strong> \u00e9s az <strong>oxidat\u00edv stressz cs\u00f6kkent\u00e9s\u00e9ben<\/strong>.  <u><\/u><u><\/u><\/p>\n<p><strong>A t\u00f6nk\u00f6ly z\u00f6ldl\u00e9 alapvet\u0151 el\u0151nyei<\/strong>:<u><\/u><u><\/u><\/p>\n<ul type=\"disc\">\n<li><strong>Immunrendszer er\u0151s\u00edt\u00e9se<\/strong><u><\/u><u><\/u><\/li>\n<li><strong>Gyullad\u00e1sos folyamatok cs\u00f6kkent\u00e9se<\/strong> a szervezetben<u><\/u><u><\/u><\/li>\n<li><strong>Hormonok kiegyens\u00falyoz\u00e1sa<\/strong> \u00e9s a <strong>szervezet l\u00fagos\u00edt\u00e1sa<\/strong><\/li>\n<\/ul>\n<hr data-start=\"1563\" data-end=\"1566\">\n<h2 data-start=\"1568\" data-end=\"1608\"><strong data-start=\"1571\" data-end=\"1608\">T\u00f6k\u00e9letes kombin\u00e1ci\u00f3 az \u00e9leter\u0151\u00e9rt<\/strong><\/h2>\n<p data-start=\"287\" data-end=\"632\">A <strong>Kapor \u00e9s T\u00f6nk\u00f6lyb\u00faza z\u00f6ld l\u00e9 csomag<\/strong> er\u0151teljes, teljesen term\u00e9szetes t\u00e1mogat\u00e1st ny\u00fajt a szervezetnek \u2013 bel\u00fclr\u0151l \u00e9s hossz\u00fa t\u00e1von. A hidegen pr\u00e9selt kaporl\u00e9 j\u00f3t\u00e9kony hat\u00e1ssal van az <strong>1-es \u00e9s 2-es t\u00edpus\u00fa cukorbetegs\u00e9gre, az inzulinrezisztenci\u00e1ra \u00e9s a hormon\u00e1lis egyens\u00falyzavarra<\/strong>, m\u00edg a t\u00f6nk\u00f6lyb\u00faza hozz\u00e1j\u00e1rul a m\u00e9lyrehat\u00f3 <strong>regener\u00e1ci\u00f3hoz, immuner\u0151s\u00edt\u00e9shez \u00e9s m\u00e9regtelen\u00edt\u00e9shez<\/strong>. Ez a kombin\u00e1ci\u00f3 seg\u00edt a <strong>v\u00e9rcukorszint szab\u00e1lyoz\u00e1s\u00e1ban, az em\u00e9szt\u00e9s jav\u00edt\u00e1s\u00e1ban, a gyullad\u00e1sok enyh\u00edt\u00e9s\u00e9ben \u00e9s az energia visszanyer\u00e9s\u00e9ben<\/strong>. Gy\u00f3gyszerek n\u00e9lk\u00fcl, agressz\u00edv beavatkoz\u00e1sok n\u00e9lk\u00fcl \u2013 csak a term\u00e9szet ereje. Az els\u0151 eredm\u00e9nyek m\u00e1r n\u00e9h\u00e1ny hetes rendszeres haszn\u00e1lat ut\u00e1n l\u00e1that\u00f3ak lehetnek.    <\/p>\n<p data-start=\"925\" data-end=\"1010\">\ud83d\udc49 <strong data-start=\"928\" data-end=\"945\">Rendelje meg most<\/strong> \u00e9s biztos\u00edtsa test\u00e9nek a term\u00e9szetes v\u00e9delmet, egyens\u00falyt \u00e9s bels\u0151 er\u0151t.<\/p>\n","protected":false},"excerpt":{"rendered":"<p><strong>A csomag tartalma:<\/strong><br \/>\n1x Kaporl\u00e9<br \/>\n1x T\u00f6nk\u00f6lyb\u00faza l\u00e9<\/p>\n<p><strong>Mi\u00e9rt hat\u00e1sos?<\/strong><br \/>\nA kaporl\u00e9 kedvez\u0151 hat\u00e1ssal lehet az <strong>1-es \u00e9s 2-es t\u00edpus\u00fa cukorbetegs\u00e9gben<\/strong> szenved\u0151 szem\u00e9lyekn\u00e9l, valamint az<br \/>\n<strong>inzulinrezisztenci\u00e1ban<\/strong> szenved\u0151kn\u00e9l.<br \/>\nA t\u00f6nk\u00f6lyb\u00faza l\u00e9vel kombin\u00e1lva m\u00e9lyrehat\u00f3an m\u0171k\u00f6dik \u2013 <strong>meg\u00faj\u00edtja a szervezetet \u00e9s seg\u00edt a v\u00e9rcukorszint<\/strong> <strong>stabiliz\u00e1l\u00e1s\u00e1ban<\/strong>.<br \/>\nGy\u00f3gyszerek n\u00e9lk\u00fcl. Teljesen term\u00e9szetes. L\u00e1that\u00f3 eredm\u00e9nyek m\u00e1r n\u00e9h\u00e1ny h\u00e9t rendszeres haszn\u00e1lat ut\u00e1n.  <\/p>\n","protected":false},"featured_media":18836,"comment_status":"open","ping_status":"closed","template":"","meta":{"_acf_changed":false},"product_brand":[],"product_cat":[403],"product_tag":[],"class_list":{"0":"post-15228","1":"product","2":"type-product","3":"status-publish","4":"has-post-thumbnail","6":"product_cat-csomagok","8":"first","9":"outofstock","10":"sale","11":"shipping-taxable","12":"purchasable","13":"product-type-simple"},"acf":[],"_links":{"self":[{"href":"https:\/\/eliksirvitalnosti.com\/hu\/wp-json\/wp\/v2\/product\/15228","targetHints":{"allow":["GET"]}}],"collection":[{"href":"https:\/\/eliksirvitalnosti.com\/hu\/wp-json\/wp\/v2\/product"}],"about":[{"href":"https:\/\/eliksirvitalnosti.com\/hu\/wp-json\/wp\/v2\/types\/product"}],"replies":[{"embeddable":true,"href":"https:\/\/eliksirvitalnosti.com\/hu\/wp-json\/wp\/v2\/comments?post=15228"}],"version-history":[{"count":0,"href":"https:\/\/eliksirvitalnosti.com\/hu\/wp-json\/wp\/v2\/product\/15228\/revisions"}],"wp:featuredmedia":[{"embeddable":true,"href":"https:\/\/eliksirvitalnosti.com\/hu\/wp-json\/wp\/v2\/media\/18836"}],"wp:attachment":[{"href":"https:\/\/eliksirvitalnosti.com\/hu\/wp-json\/wp\/v2\/media?parent=15228"}],"wp:term":[{"taxonomy":"product_brand","embeddable":true,"href":"https:\/\/eliksirvitalnosti.com\/hu\/wp-json\/wp\/v2\/product_brand?post=15228"},{"taxonomy":"product_cat","embeddable":true,"href":"https:\/\/eliksirvitalnosti.com\/hu\/wp-json\/wp\/v2\/product_cat?post=15228"},{"taxonomy":"product_tag","embeddable":true,"href":"https:\/\/eliksirvitalnosti.com\/hu\/wp-json\/wp\/v2\/product_tag?post=15228"}],"curies":[{"name":"wp","href":"https:\/\/api.w.org\/{rel}","templated":true}]}}

<h2 data-start="153" data-end="205"><strong data-start="155" data-end="203">Nemet Zöld Levek – Kapor és Tönkölybúza csomag</strong></h2>
<h3 data-start="206" data-end="244"><em data-start="210" data-end="244">Teljes körű egészségügyi támogatás – Gliko Balance csomag</em></h3>
<hr data-start="246" data-end="249">
<h2 data-start="251" data-end="280"><strong data-start="254" data-end="280">Zöld kaporlé</strong></h2>
<p data-start="282" data-end="544">A zöld kaporlé egy hidegen sajtolt gyümölcslé, amelyet egy ősi kaporfajtából ( <em data-start="365" data-end="385"> Anethum graveolens</em>) készítenek, amely ma is megtalálható a vadonban, a Földközi-tenger keleti országaiban. A kapor leveleit, virágait és magjait tartósítószerek, cukor vagy színezékek hozzáadása nélkül préselik. </p>
<p data-start="546" data-end="597"><strong data-start="550" data-end="597">A kapor zöldlé alapvető előnyei:</strong></p>
<ul>
<li data-start="601" data-end="652">Az emésztés, az étvágy és az általános anyagcsere javítása</li>
<li data-start="655" data-end="706">A vércukorszint szabályozása (inzulintámogatás)</li>
<li data-start="709" data-end="772">A puffadás, hányás, álmatlanság és ingerlékenység enyhítése</li>
<li data-start="775" data-end="818">Hormonháztartás kiegyensúlyozása és energiaszint növelése</li>
<li data-start="821" data-end="864">Koleszterinszint csökkentése és a vér „hígítása”</li>
<li data-start="867" data-end="904">Szív- és agyi érkatasztrófa megelőzése</li>
<li data-start="907" data-end="971">Segítség <em data-start="937" data-end="958">Helicobacter pylori</em> és Candida okozta fertőzések esetén</li>
<li data-start="974" data-end="1035">Támogatás az 1-es és 2-es típusú cukorbetegség terápiájában (különösen 2-es típusnál)</li>
</ul>
<hr data-start="1037" data-end="1040">
<h2 data-start="1042" data-end="1068"><strong data-start="1045" data-end="1068">Zöld tönkölylé</strong></h2>
<p>A <strong>tönköly zöldlé</strong> természetes termék, amely magas szintű <strong>klorofilt</strong>, <strong>enzimeket</strong> és <strong>antioxidánsokat</strong> tartalmaz. Ideális <strong>a szervezet méregtelenítésére</strong>, <strong>az immunrendszer támogatására</strong>, <strong>a szervezet lúgosítására</strong> és <strong>a hormonok kiegyensúlyozására</strong>. A tönköly emellett rendkívül hasznos az <strong>energetikai egyensúly javításában</strong> és az <strong>oxidatív stressz csökkentésében</strong>.  <u></u><u></u></p>
<p><strong>A tönköly zöldlé alapvető előnyei</strong>:<u></u><u></u></p>
<ul type="disc">
<li><strong>Immunrendszer erősítése</strong><u></u><u></u></li>
<li><strong>Gyulladásos folyamatok csökkentése</strong> a szervezetben<u></u><u></u></li>
<li><strong>Hormonok kiegyensúlyozása</strong> és a <strong>szervezet lúgosítása</strong></li>
</ul>
<hr data-start="1563" data-end="1566">
<h2 data-start="1568" data-end="1608"><strong data-start="1571" data-end="1608">Tökéletes kombináció az életerőért</strong></h2>
<p data-start="287" data-end="632">A <strong>Kapor és Tönkölybúza zöld lé csomag</strong> erőteljes, teljesen természetes támogatást nyújt a szervezetnek – belülről és hosszú távon. A hidegen préselt kaporlé jótékony hatással van az <strong>1-es és 2-es típusú cukorbetegségre, az inzulinrezisztenciára és a hormonális egyensúlyzavarra</strong>, míg a tönkölybúza hozzájárul a mélyreható <strong>regenerációhoz, immunerősítéshez és méregtelenítéshez</strong>. Ez a kombináció segít a <strong>vércukorszint szabályozásában, az emésztés javításában, a gyulladások enyhítésében és az energia visszanyerésében</strong>. Gyógyszerek nélkül, agresszív beavatkozások nélkül – csak a természet ereje. Az első eredmények már néhány hetes rendszeres használat után láthatóak lehetnek.    </p>
<p data-start="925" data-end="1010">👉 <strong data-start="928" data-end="945">Rendelje meg most</strong> és biztosítsa testének a természetes védelmet, egyensúlyt és belső erőt.</p>

<p><strong>A csomag tartalma:</strong><br />
1x Kaporlé<br />
1x Tönkölybúza lé</p>
<p><strong>Miért hatásos?</strong><br />
A kaporlé kedvező hatással lehet az <strong>1-es és 2-es típusú cukorbetegségben</strong> szenvedő személyeknél, valamint az<br />
<strong>inzulinrezisztenciában</strong> szenvedőknél.<br />
A tönkölybúza lével kombinálva mélyrehatóan működik – <strong>megújítja a szervezetet és segít a vércukorszint</strong> <strong>stabilizálásában</strong>.<br />
Gyógyszerek nélkül. Teljesen természetes. Látható eredmények már néhány hét rendszeres használat után.  </p>
