{"id":27979,"date":"2025-12-16T18:15:23","date_gmt":"2025-12-16T18:15:23","guid":{"rendered":"https:\/\/eliksirvitalnosti.com\/proizvod\/hogyan-gyozte-le-a-tonkolybuza-ketszer-is-a-rakot-roland-nemet-konyv\/"},"modified":"2026-04-23T09:38:10","modified_gmt":"2026-04-23T09:38:10","slug":"hogyan-gyozte-le-a-tonkolybuza-ketszer-is-a-rakot-roland-nemet-konyv","status":"publish","type":"product","link":"https:\/\/eliksirvitalnosti.com\/hu\/proizvod\/hogyan-gyozte-le-a-tonkolybuza-ketszer-is-a-rakot-roland-nemet-konyv\/","title":{"rendered":"A r\u00e1k amely k\u00e9tszer is belefulladt a t\u00f6nk\u00f6lyb\u00faz\u00e1ba \u2013 N\u00e9met Roland k\u00f6nyve"},"content":{"rendered":"<p><strong>\u201eHogyan gy\u0151zte le a t\u00f6nk\u00f6ly k\u00e9tszer is a r\u00e1kot\u201d<\/strong> Roland Nemetnek, az \u00c9leter\u0151 Elix\u00edr m\u00e1rka alap\u00edt\u00f3j\u00e1nak k\u00f6nyve, amelyben megosztja szem\u00e9lyes t\u00f6rt\u00e9net\u00e9t a legs\u00falyosabb betegs\u00e9ggel val\u00f3 szemben\u00e9z\u00e9sr\u0151l \u00e9s arr\u00f3l, hogy a t\u00f6nk\u00f6ly z\u00f6ldl\u00e9 milyen szerepet j\u00e1tszott az \u00e9let\u00e9ben. Ez a Roland Nemet t\u00f6nk\u00f6lyk\u00f6nyv nem csup\u00e1n egy vallom\u00e1s \u2013 inform\u00e1ci\u00f3, motiv\u00e1ci\u00f3 \u00e9s rem\u00e9ny forr\u00e1sa mindazok sz\u00e1m\u00e1ra, akik term\u00e9szetes utakat keresnek a jobb eg\u00e9szs\u00e9g fel\u00e9. <\/p>\n<h2>Mir\u0151l sz\u00f3l a k\u00f6nyv?<\/h2>\n<p>A k\u00f6nyv Roland Nemet szem\u00e9lyes tapasztalatait k\u00f6veti nyomon a r\u00e1kkal val\u00f3 k\u00e9t tal\u00e1lkoz\u00e1sa sor\u00e1n, valamint fel\u00e9p\u00fcl\u00e9s\u00e9nek \u00fatj\u00e1t, amelyben a t\u00f6nk\u00f6ly z\u00f6ldl\u00e9 fontos szerepet j\u00e1tszott. A szerz\u0151 le\u00edrja, hogyan jutott el a t\u00f6nk\u00f6lyh\u00f6z, mi motiv\u00e1lta arra, hogy saj\u00e1t z\u00f6ldl\u00e9gy\u00e1rt\u00e1sba kezdjen, \u00e9s hogyan v\u00e1ltoztatta meg ez nemcsak az \u0151 \u00e9let\u00e9t, hanem t\u00f6bb ezer ember \u00e9let\u00e9t is, akik k\u00f6vett\u00e9k a p\u00e9ld\u00e1j\u00e1t. <\/p>\n<p>E k\u00f6nyv lapjain megtudhatja:<\/p>\n<ul>\n<li>A szerz\u0151 szem\u00e9lyes t\u00f6rt\u00e9net\u00e9t a diagn\u00f3zist\u00f3l a fel\u00e9p\u00fcl\u00e9sig<\/li>\n<li>Hogyan v\u00e1lt a t\u00f6nk\u00f6ly mindennapi rutinj\u00e1nak r\u00e9sz\u00e9v\u00e9<\/li>\n<li>A fiatal t\u00f6nk\u00f6ly t\u00e1pl\u00e1lkoz\u00e1si tulajdons\u00e1gait \u00e9s mi\u00e9rt tartj\u00e1k az egyik legt\u00e1pl\u00e1l\u00f3bb n\u00f6v\u00e9nynek<\/li>\n<li>Gyakorlati tan\u00e1csokat a z\u00f6ldl\u00e9 \u00e9trendbe val\u00f3 bevezet\u00e9s\u00e9hez<\/li>\n<li>M\u00e1s t\u00f6nk\u00f6ly z\u00f6ldl\u00e9 fogyaszt\u00f3k tapasztalatait<\/li>\n<\/ul>\n<h2>Ki az a Roland Nemet?<\/h2>\n<p>Roland Nemet az \u00c9leter\u0151 Elix\u00edr m\u00e1rka \u00e9s a Nemet Z\u00f6ld Levek term\u00e9kcsal\u00e1d m\u00f6g\u00f6tt \u00e1ll\u00f3 v\u00e1llalat alap\u00edt\u00f3ja. A betegs\u00e9ggel kapcsolatos szem\u00e9lyes tapasztalatai ut\u00e1n a fiatal t\u00f6nk\u00f6ly t\u00e1pl\u00e1lkoz\u00e1si tulajdons\u00e1gainak tanulm\u00e1nyoz\u00e1s\u00e1ra szentelte mag\u00e1t, \u00e9s kifejlesztett egy t\u00f6nk\u00f6ly z\u00f6ldl\u00e9 gy\u00e1rt\u00e1si elj\u00e1r\u00e1st, amelyet ma t\u00f6bb ezer el\u00e9gedett v\u00e1s\u00e1rl\u00f3 haszn\u00e1l. K\u00fcldet\u00e9se, hogy a t\u00f6nk\u00f6lyben tal\u00e1lt t\u00e1mogat\u00e1st mindenki sz\u00e1m\u00e1ra el\u00e9rhet\u0151v\u00e9 tegye.  <\/p>\n<h2>Mi\u00e9rt olvassa el ezt a k\u00f6nyvet?<\/h2>\n<p>Ez a k\u00f6nyv nem orvosi \u00fatmutat\u00f3, \u00e9s nem \u00edg\u00e9r gy\u00f3gyul\u00e1st \u2013 ez egy \u0151szinte emberi t\u00f6rt\u00e9net, amely inspir\u00e1l. Elolvasva jobban meg\u00e9rti, mi\u00e9rt k\u00fcl\u00f6nleges a t\u00f6nk\u00f6ly z\u00f6ldl\u00e9, hogyan t\u00e1mogathatja a szervezetet, \u00e9s mi\u00e9rt issz\u00e1k Szerbi\u00e1ban \u00e9s a r\u00e9gi\u00f3ban t\u00f6bb ezren naponta a t\u00f6nk\u00f6lylevet. <\/p>\n<p>A k\u00f6nyv kiv\u00e1l\u00f3 kieg\u00e9sz\u00edt\u0151je a <a href=\"https:\/\/eliksirvitalnosti.com\/proizvod\/zeleni-sok-od-spelte-unapredjena-formula\/\">T\u00f6nk\u00f6lyl\u00e9 tov\u00e1bbfejlesztett formul\u00e1j\u00e1nak<\/a> \u2013 kontextust \u00e9s motiv\u00e1ci\u00f3t ad a rendszeres haszn\u00e1lathoz. Ide\u00e1lis aj\u00e1nd\u00e9k is annak, akinek inspir\u00e1l\u00f3 m\u00f3don szeretn\u00e9 bemutatni a z\u00f6ldlevek vil\u00e1g\u00e1t. <\/p>\n","protected":false},"excerpt":{"rendered":"<p>\u201eHogyan gy\u0151zte le a t\u00f6nk\u00f6ly k\u00e9tszer is a r\u00e1kot\u201d Roland Nemetnek, az \u00c9leter\u0151 Elix\u00edr m\u00e1rka alap\u00edt\u00f3j\u00e1nak k\u00f6nyve, amelyben megosztja szem\u00e9lyes<\/p>\n","protected":false},"featured_media":32162,"comment_status":"open","ping_status":"closed","template":"","meta":{"_acf_changed":false},"product_brand":[],"product_cat":[372],"product_tag":[],"class_list":{"0":"post-27979","1":"product","2":"type-product","3":"status-publish","4":"has-post-thumbnail","6":"product_cat-zold-levek","8":"first","9":"instock","10":"sale","11":"shipping-taxable","12":"purchasable","13":"product-type-simple"},"acf":[],"_links":{"self":[{"href":"https:\/\/eliksirvitalnosti.com\/hu\/wp-json\/wp\/v2\/product\/27979","targetHints":{"allow":["GET"]}}],"collection":[{"href":"https:\/\/eliksirvitalnosti.com\/hu\/wp-json\/wp\/v2\/product"}],"about":[{"href":"https:\/\/eliksirvitalnosti.com\/hu\/wp-json\/wp\/v2\/types\/product"}],"replies":[{"embeddable":true,"href":"https:\/\/eliksirvitalnosti.com\/hu\/wp-json\/wp\/v2\/comments?post=27979"}],"version-history":[{"count":2,"href":"https:\/\/eliksirvitalnosti.com\/hu\/wp-json\/wp\/v2\/product\/27979\/revisions"}],"predecessor-version":[{"id":37308,"href":"https:\/\/eliksirvitalnosti.com\/hu\/wp-json\/wp\/v2\/product\/27979\/revisions\/37308"}],"wp:featuredmedia":[{"embeddable":true,"href":"https:\/\/eliksirvitalnosti.com\/hu\/wp-json\/wp\/v2\/media\/32162"}],"wp:attachment":[{"href":"https:\/\/eliksirvitalnosti.com\/hu\/wp-json\/wp\/v2\/media?parent=27979"}],"wp:term":[{"taxonomy":"product_brand","embeddable":true,"href":"https:\/\/eliksirvitalnosti.com\/hu\/wp-json\/wp\/v2\/product_brand?post=27979"},{"taxonomy":"product_cat","embeddable":true,"href":"https:\/\/eliksirvitalnosti.com\/hu\/wp-json\/wp\/v2\/product_cat?post=27979"},{"taxonomy":"product_tag","embeddable":true,"href":"https:\/\/eliksirvitalnosti.com\/hu\/wp-json\/wp\/v2\/product_tag?post=27979"}],"curies":[{"name":"wp","href":"https:\/\/api.w.org\/{rel}","templated":true}]}}

A rák amely kétszer is belefulladt a tönkölybúzába – Német Roland könyve

<p><strong>„Hogyan győzte le a tönköly kétszer is a rákot”</strong> Roland Nemetnek, az Életerő Elixír márka alapítójának könyve, amelyben megosztja személyes történetét a legsúlyosabb betegséggel való szembenézésről és arról, hogy a tönköly zöldlé milyen szerepet játszott az életében. Ez a Roland Nemet tönkölykönyv nem csupán egy vallomás – információ, motiváció és remény forrása mindazok számára, akik természetes utakat keresnek a jobb egészség felé. </p>
<h2>Miről szól a könyv?</h2>
<p>A könyv Roland Nemet személyes tapasztalatait követi nyomon a rákkal való két találkozása során, valamint felépülésének útját, amelyben a tönköly zöldlé fontos szerepet játszott. A szerző leírja, hogyan jutott el a tönkölyhöz, mi motiválta arra, hogy saját zöldlégyártásba kezdjen, és hogyan változtatta meg ez nemcsak az ő életét, hanem több ezer ember életét is, akik követték a példáját. </p>
<p>E könyv lapjain megtudhatja:</p>
<ul>
<li>A szerző személyes történetét a diagnózistól a felépülésig</li>
<li>Hogyan vált a tönköly mindennapi rutinjának részévé</li>
<li>A fiatal tönköly táplálkozási tulajdonságait és miért tartják az egyik legtáplálóbb növénynek</li>
<li>Gyakorlati tanácsokat a zöldlé étrendbe való bevezetéséhez</li>
<li>Más tönköly zöldlé fogyasztók tapasztalatait</li>
</ul>
<h2>Ki az a Roland Nemet?</h2>
<p>Roland Nemet az Életerő Elixír márka és a Nemet Zöld Levek termékcsalád mögött álló vállalat alapítója. A betegséggel kapcsolatos személyes tapasztalatai után a fiatal tönköly táplálkozási tulajdonságainak tanulmányozására szentelte magát, és kifejlesztett egy tönköly zöldlé gyártási eljárást, amelyet ma több ezer elégedett vásárló használ. Küldetése, hogy a tönkölyben talált támogatást mindenki számára elérhetővé tegye.  </p>
<h2>Miért olvassa el ezt a könyvet?</h2>
<p>Ez a könyv nem orvosi útmutató, és nem ígér gyógyulást – ez egy őszinte emberi történet, amely inspirál. Elolvasva jobban megérti, miért különleges a tönköly zöldlé, hogyan támogathatja a szervezetet, és miért isszák Szerbiában és a régióban több ezren naponta a tönkölylevet. </p>
<p>A könyv kiváló kiegészítője a <a href="https://eliksirvitalnosti.com/proizvod/zeleni-sok-od-spelte-unapredjena-formula/">Tönkölylé továbbfejlesztett formulájának</a> – kontextust és motivációt ad a rendszeres használathoz. Ideális ajándék is annak, akinek inspiráló módon szeretné bemutatni a zöldlevek világát. </p>

<p>„Hogyan győzte le a tönköly kétszer is a rákot” Roland Nemetnek, az Életerő Elixír márka alapítójának könyve, amelyben megosztja személyes</p>
